84 and 308632216?
184
What is the greatest common divisor of 75043643 and 215?
43
What is the highest common factor of 81 and 40718583?
9
What is the greatest common factor of 2053415 and 14?
7
Calculate the highest common divisor of 397615 and 380635.
1415
Calculate the greatest common divisor of 1191806 and 8459.
11
Calculate the greatest common factor of 1031379 and 23187.
177
Calculate the highest common factor of 156655 and 661249.
1649
Calculate the greatest common divisor of 6768502 and 3744.
26
What is the highest common divisor of 17592232 and 5946?
1982
What is the highest common divisor of 77925 and 76886?
1039
Calculate the highest common factor of 14014 and 607331725.
7007
What is the highest common divisor of 3280 and 1602400?
80
Calculate the highest common divisor of 196430265 and 3810.
1905
What is the highest common factor of 81892 and 2392745?
59
What is the greatest common divisor of 2558700 and 3816?
36
Calculate the greatest common factor of 48545 and 294736113.
9709
Calculate the highest common divisor of 54824 and 4129244.
2492
Calculate the greatest common factor of 40155792 and 736.
368
Calculate the highest common factor of 377304 and 316632.
1896
Calculate the greatest common divisor of 2564248 and 3996.
148
Calculate the greatest common divisor of 758193879 and 19.
19
Calculate the highest common divisor of 7176 and 8288952.
24
What is the highest common divisor of 11347099 and 35981?
3271
Calculate the highest common factor of 4843800428 and 3092.
3092
Calculate the greatest common factor of 2107512 and 19008.
2376
What is the highest common factor of 3168 and 1960200?
792
What is the highest common divisor of 13020 and 2037?
21
Calculate the greatest common factor of 3052163 and 5587.
151
What is the greatest common factor of 7023948 and 21684?
1668
What is the highest common factor of 48276 and 1925080?
596
Calculate the greatest common divisor of 66992 and 121264.
848
What is the greatest common factor of 11286 and 1101122?
22
Calculate the highest common divisor of 7791509 and 368869.
2263
Calculate the highest common divisor of 30783 and 1367007.
93
What is the greatest common factor of 147 and 7799316?
21
What is the highest common divisor of 80927129 and 3062?
1531
What is the greatest common factor of 11 and 19103907?
1
What is the greatest common factor of 37238211 and 6885?
1377
What is the highest common divisor of 7830 and 61393?
29
What is the highest common divisor of 2434363 and 119439?
577
What is the greatest common divisor of 528583 and 1160?
29
Calculate the highest common divisor of 959 and 1461.
1
Calculate the greatest common divisor of 319146 and 5138498.
2474
Calculate the greatest common divisor of 78105 and 31980.
615
What is the highest common factor of 1410 and 6896028?
282
What is the highest common divisor of 96492 and 83589?
561
Calculate the highest common divisor of 46 and 90622714.
46
What is the highest common factor of 99020383 and 14?
7
Calculate the highest common divisor of 2352978 and 270729.
333
Calculate the greatest common divisor of 252 and 67846198.
14
Calculate the highest common divisor of 2317219 and 4743.
527
What is the greatest common factor of 528 and 122172688?
176
What is the greatest common factor of 2425 and 113878?
97
Calculate the greatest common divisor of 3888320 and 1015.
145
Calculate the greatest common factor of 219 and 260666502.
219
Calculate the highest common factor of 25 and 42184325.
25
Calculate the greatest common factor of 2975 and 94492375.
425
What is the highest common divisor of 8414 and 2397389?
601
What is the highest common divisor of 71980870 and 130?
130
Calculate the highest common factor of 48 and 161472656.
16
What is the highest common factor of 109800648 and 193546?
6674
What is the greatest common divisor of 211926 and 3522?
6
Calculate the greatest common divisor of 439872 and 156.
12
What is the highest common factor of 150155 and 198510?
2545
What is the greatest common divisor of 122 and 3650?
2
Calculate the greatest common factor of 153282 and 13639500.
2598
What is the highest common factor of 37698 and 217948?
206
Calculate the highest common divisor of 14385199 and 1.
1
Calculate the greatest common factor of 25356253 and 7267.
169
Calculate the highest common factor of 96609 and 21.
3
Calculate the highest common factor of 3088 and 50609618.
386
What is the highest common divisor of 6104682 and 198543?
687
Calculate the greatest common factor of 147951 and 6949829.
967
Calculate the greatest common divisor of 2894254 and 1086580.
9878
Calculate the greatest common factor of 21344 and 36968.
8
Calculate the greatest common factor of 98674851 and 34.
17
What is the highest common divisor of 633190 and 26680?
230
What is the greatest common divisor of 1873745 and 90871?
751
What is the highest common divisor of 104630196 and 369?
123
What is the highest common divisor of 39460 and 235763635?
9865
What is the greatest common divisor of 4995929 and 62?
31
What is the highest common factor of 16478 and 13375642?
1498
Calculate the highest common factor of 3040531855 and 6715.
6715
What is the highest common factor of 562626 and 15251?
151
Calculate the highest common factor of 7672550 and 52592.
346
What is the highest common factor of 37918583 and 103247?
4489
What is the highest common divisor of 2860386 and 71978?
986
What is the greatest common factor of 50 and 13623250?
50
What is the highest common factor of 17633484 and 4158?
594
What is the highest common divisor of 137428 and 1224?
68
What is the highest common factor of 562118461 and 13934?
6967
Calculate the highest common factor of 910637 and 5824.
91
Calculate the greatest common factor of 1891 and 80570519.
31
Calculate the greatest common divisor of 54104576 and 48.
16
What is the highest common divisor of 115 and 229638785?
115
What is the greatest common divisor of 54 and 489731967?
27
What is the greatest common divisor of 154105622 and 542960?
13574
What is the highest common divisor of 4122350 and 5800?
1450
Calculate the greatest common divisor of 12883595 and 30.
5
Calculate the greatest common factor of 196290595 and 3595.
3595
What is the highest common factor of 92 and 29117310?
46
Calculate the highest common divisor of 778601 and 32402.
953
Calculate the greatest common factor of 12274 and 1182826.
646
What is the greatest common divisor of 27010 and 277765?
365
What is the greatest common factor of 7060 and 1032402156?
1412
What is the greatest common divisor of 11378 and 3141?
1
Calculate the highest common divisor of 816366 and 402498.
2274
What is the highest common divisor of 67418291 and 9687?
3229
Calculate the greatest common divisor of 15 and 1576293.
3
What is the highest common factor of 428 and 31412?
4
What is the highest common factor of 235899840 and 352?
352
Calculate the greatest common factor of 485002 and 686.
686
Calculate the greatest common divisor of 17724 and 608454.
42
What is the highest common factor of 33216 and 147648?
192
Calculate the highest common factor of 186632 and 6619696.
328
Calculate the greatest common divisor of 2366367 and 48.
3
What is the highest common factor of 21658007 and 1946?
973
What is the greatest common divisor of 7525378 and 2870?
14
What is the greatest common divisor of 75 and 1370185?
5
What is the highest common factor of 1021146 and 217?
7
Calculate the highest common divisor of 58 and 747891440.
58
Calculate the greatest common factor of 188061183 and 14418.
7209
Calculate the greatest common divisor of 6675900 and 561.
561
What is the highest common divisor of 16 and 57173216?
16
Calculate the highest common factor of 10299 and 49488.
3
What is the greatest common factor of 22612888 and 21204?
2356
Calculate the highest common factor of 10068 and 47364.
12
What is the greatest common factor of 14 and 44854747?
7
What is the highest common divisor of 1026314255 and 205?
205
What is the greatest common factor of 108358356 and 21936?
5484
Calculate the greatest common divisor of 115 and 131603171.
23
What is the highest common divisor of 3319558677 and 387?
387
Calculate the greatest common divisor of 764959 and 163.
163
Calculate the highest common factor of 418 and 1297586.
38
Calc